)/38?
2
Let p(o) be the first derivative of -7*o + o**2 + 1 - 2*o**3 + 1/4*o**4. What is the units digit of p(6)?
5
Suppose -5*v = l + 18, -v = -5*l + 6 + 8. Suppose 0 = -5*y + 8 + l. Suppose 4*o - y*r = 63 - 19, r = o - 9. What is the units digit of o?
3
Let a(w) = w**2 + 2*w - 4. Let z be a(-4). Let t be (-1)/(((-12)/9)/z). Suppose -2*c + 6 = -4*o, -6 = -4*c + t*o + 6. What is the units digit of c?
3
Let y = -37 + 98. What is the units digit of y?
1
Let z(g) = -23*g**3 + 5*g**2 + 5*g + 4. What is the hundreds digit of z(-2)?
1
Let t be (4 + -1)*30/9. Let v be ((-78)/(-10))/(2/t). Suppose -4*m - 15 + v = 2*o, -20 = -4*o - m. What is the units digit of o?
4
Suppose -2*t - 2*r + 6 = 0, 0 = 3*t - 6*r + r - 49. What is the units digit of t?
8
Let l(j) = j**3 - 3*j**2 - 5*j + 7. What is the tens digit of l(5)?
3
Let q be -4*((-15)/(-6))/(-5). Suppose -q*n - 4*g - 7 = 9, -35 = 5*n + 5*g. What is the units digit of (n/(-4))/(6/16)?
4
Let h be (-4)/(-2 - 0/2). Suppose 3*v - 30 - 55 = h*i, -25 = 5*i. What is the units digit of v?
5
Suppose -3*r + 4*x = 3*x + 3, 3*x = -4*r - 17. Suppose -3*l + 34 = -2*m, 4 = 3*l + 2*m + 2*m. What is the units digit of -6 + 4 + r + l?
4
Let z be 1/(-2 + 3)*3. Suppose m - 3*f = -3, -4*m = f - 2 + 1. Suppose z*h - 61 = -4*w + 8*h, -h - 1 = m. What is the tens digit of w?
1
Let u(f) = -f**3 - 11*f**2 + 8*f - 15. What is the tens digit of u(-12)?
3
Let i be 4/(-18) + (-76)/(-18). Let j(r) = r**3 + 11. Let s be j(0). Suppose i*o - 5*t = -0*o + 23, -4*o = -t - s. What is the units digit of o?
2
Suppose 2*k - 4*g = g, -3*g = -4*k. Suppose -4*o + 8 + 4 = k. Suppose 2*x = o*x - 9. What is the units digit of x?
9
Let u(k) = 3*k + 1. Let w be u(10). Let s = w + -14. What is the units digit of s?
7
What is the tens digit of (-1941)/(-15) + (-3)/(-5)?
3
Let o(q) = q**3 - 13*q**2 + 9*q - 11. What is the tens digit of o(13)?
0
Suppose 2*i - 7*i + 5 = 0, -1 = -j + i. Suppose -2 + 13 = 4*k - o, 3*o = j*k - 13. What is the units digit of k?
2
Let t(b) be the second derivative of b**4/3 + 2*b**3/3 + b**2 + 3*b. Let c be t(-2). Suppose -r + 17 = 5*u, -5*r + c = -0*r. What is the units digit of u?
3
Suppose 10*u - 1572 = -72. What is the hundreds digit of u?
1
Suppose 0 = 2*l + q - 19, -3*q = 2*l - 4*q - 29. What is the units digit of l/(-15)*(-10)/4?
2
Let x(g) = -g**2 - 10*g - 3. Suppose -2*r - 2 = 0, -4*r + 4 = -f + r. What is the units digit of x(f)?
6
What is the tens digit of ((-2)/(-8))/(19/1292)?
1
Suppose 24 = -3*f + 6*f. Let q be -3*(-1 + 3) - -3. Let b = q + f. What is the units digit of b?
5
Let r = 6 + -2. Suppose 5 = r*c - 3. Suppose h - c = -0*h. What is the units digit of h?
2
Suppose 2*j = -2*f - 4, -j + 3*f + 30 = 4*j. Suppose -q = j*d - 45, -5*q - 2*d + 79 + 81 = 0. What is the units digit of (-8)/q*-6*5?
8
Suppose 6*f - 8*f - 8 = -w, -2*f = -3*w + 4. Let h be (-22)/4 + (-3)/w. Let y = h + 10. What is the units digit of y?
6
Suppose 0 = -4*a - 0*a. Suppose 0 = -k - a*b - b + 17, -3*k + 27 = -5*b. What is the units digit of (-7)/k*(-1 - 17)?
9
Let w = 16 - 16. Suppose -1 = -f - 2*c + 5*c, -2*f = -c - 2. Suppose o + w*o - f = 0. What is the units digit of o?
1
Let p(a) = -2*a + 21. What is the tens digit of p(0)?
2
Let p(s) = 8*s - 1. What is the tens digit of p(6)?
4
What is the units digit of (3 + -1 - 1) + 75?
6
Let k(o) = -o**3 + 4*o**2 + 6*o + 2. Let c be k(5). Let t = c - -1. What is the units digit of t?
8
Let g(u) = -u**3 + 13*u**2 + 15*u - 9. Let o be g(14). Let s = 26 + -16. Let p = s - o. What is the units digit of p?
5
Let a = 4 + -4. Let z be (-1 - -2)/((-1)/(-5)). Suppose a = z*d - d - 8. What is the units digit of d?
2
Let p(d) = d**3 + 5*d**2 + 3*d - 3. Let t be p(-3). Suppose 4*y - 10 = t. Suppose y*m - 11 = a, 5*m = -a + 9 + 7. What is the units digit of a?
1
Suppose -3*g - 4*u + 313 = 0, 2*g - 5*u - 182 = -u. What is the units digit of g?
9
Let d be 3*(-2)/(-6)*0. Suppose 0*x - x + 24 = d. Suppose 0 = l + 5*g + 16, 2*l - l - 5*g - x = 0. What is the units digit of l?
4
Let j(a) = -a**3 + 10. Let g be j(0). Suppose -o - g = -2*o. Suppose 2 = s - o. What is the units digit of s?
2
Suppose -4 = 4*n - 28. What is the tens digit of ((-9)/n)/3*-40?
2
Suppose -8 = 5*u - 7*u. What is the tens digit of (-2)/u*(-4 - 48)?
2
Let q(n) = 2*n**2 - 19*n + 8. What is the tens digit of q(14)?
3
Suppose 0 = 4*q + 4. What is the units digit of 6*((-3)/(-9) - q)?
8
Suppose 0 = 5*l - 11 - 4. What is the units digit of (0 - -2) + 12 - l?
1
Suppose 0 = -5*t - 4*n + 3*n - 60, -4*n - 6 = 2*t. Let w = t - -21. What is the units digit of w?
8
Suppose -r + 1 = 0, -5*t + r - 26 = -0*t. Let w = t - -15. What is the tens digit of w?
1
Suppose 1 = -x - 3, -2*b - 4*x = 16. Let l(p) = -p**2 + 16. What is the units digit of l(b)?
6
Suppose -9*r = -86 - 382. What is the units digit of r?
2
Suppose -t + 4*t + 12 = 5*d, -5*t = -5*d + 10. Let f be (-2)/(0 - -2) + 3. Suppose g - t = f. What is the units digit of g?
3
Suppose -7*w + 4*w = -9. Suppose -w*o + o = 2*z - 2, -o - 5*z - 19 = 0. What is the units digit of o?
6
Let i be 1/((-9)/12 - -1). Suppose -6*x = -4*x - i. Suppose 3*y = y + x. What is the units digit of y?
1
Let w = -7 - -13. Suppose -4 = s, 0 = 3*r - s + w*s + 17. What is the units digit of r?
1
Let t be -9 + (-2 - (-6 + 1)). What is the units digit of (-1)/(3/t) + 3?
5
Let w(y) = 4*y**2 - 3*y - 20. What is the tens digit of w(-8)?
6
Let r(d) = -d**2 - d + 1. Let h(n) = 3*n + 2. Let p be h(2). Let t(m) = m**2 - 9*m + 8. Let b be t(p). What is the units digit of r(b)?
1
Suppose -2*v - 3 = 7. Let z = v - -9. What is the units digit of z?
4
What is the units digit of 212/2 + (-2 - (2 + -2))?
4
Let f be (6/(-10))/((-2)/10). Suppose 2*j + 2*r - 1 - 1 = 0, f*r = 3. What is the units digit of 0 + j + 2 + -1?
1
Suppose -s = 3*i - 124, 2*i - 264 = -5*s + 3*s. What is the units digit of s?
6
Suppose -3*v + 3*a - 383 = -5*v, -3*v + 549 = -4*a. What is the units digit of v?
7
Suppose 2*f + k = 38 + 11, 5*k = -5*f + 135. What is the units digit of f?
2
Suppose -3 = 4*n + 5*c + 4, c + 13 = 5*n. Suppose -n*z + 22 = 2*v, v - 6*z + 9 = -3*z. What is the units digit of v?
6
Let f(y) = -y**2 + 7*y + 4. Let v be f(7). Suppose -33 = -4*r + 3*s, -2*r + v*r - 22 = -4*s. What is the units digit of r?
9
Let m(i) = -i**2 - 7*i + 7. Let o be m(-7). Suppose -5*j + 153 = t, -j + 34 = -t + o. Suppose -a = 4*a - j. What is the units digit of a?
6
Let x(s) be the first derivative of -1/2*s**2 - 2*s + 2. What is the units digit of x(-7)?
5
What is the units digit of (-1165)/(-25) + 0 - 2/(-5)?
7
Let r = -12 - -15. Suppose -r*a + 8 = -2*u, 5*a - 5 = -0*a + 5*u. What is the units digit of a?
6
Let s(q) = -q**2 + 1. Let r be s(2). What is the units digit of -2 + -1 - (r + -10)?
0
Let w(s) = -18*s - 30. What is the units digit of w(-10)?
0
Suppose -2*w - 3*w = -25. What is the units digit of w?
5
Let u be -2 - (1 + 0 - -234). What is the tens digit of 1/(-6) - u/18?
1
Let b(w) = -w**3 - 9*w**2 + 15*w + 1. What is the units digit of b(-12)?
3
Let j = 77 - 25. Suppose -4*s + 52 = -2*h, -2*h = 3*s + s - j. What is the units digit of s?
3
Suppose 0 = 5*y - 3*d + 8 + 148, -105 = 3*y + 2*d. Let r = 14 + y. What is the units digit of r/(-7) + (-2)/(-7)?
3
Suppose -2*d = -3*s + 20 - 8, 0 = s + 3*d - 4. Suppose -s*o + k + 0*k + 56 = 0, 3*o = k + 42. What is the units digit of o?
4
Let g = -2 + 9. Suppose 0 = -k - 5*m + 3, g*k = 2*k - 5*m + 115. What is the tens digit of k?
2
Let m be (2 - -4) + 2/(-1). Let g = m - -3. What is the units digit of g?
7
Suppose -88 = -2*c - 2*c. Suppose 74 = 4*j + c. What is the units digit of j?
3
Let p = -21 + 61. What is the tens digit of p?
4
Let n(p) = -4 - 7 - 6*p - 2*p**2 + p**3 - 3*p**2 - 2*p**2. Let j be n(8). Suppose j = 3*h - 19. What is the units digit of h?
8
Let x = -360 - -572. What is the hundreds digit of x?
2
Suppose 4*s + 27 - 127 = 0. Let w = -10 + s. What is the tens digit of w?
1
Suppose -n = 4*n. Suppose n*g = 4*g - 44. What is the units digit of g?
1
Suppose 0*w + 3*w - 15 = 2*q, 0 = -4*w - 4*q + 20. What is the units digit of w?
5
Let o = 3 - 4. Let f = 2 + o. What is the units digit of f?
1
Suppose 2*w + 2*c - 3*c = 544, 0 = 4*w + 2*c - 1096. What is the hundreds digit of w?
2
Let z = -4 - -9. Suppose 0 = c - z*c + 